Let l = -108 + 103. Calculate t(l).
-10
Let c(p) = -p**2 + 10*p - 6. Let d be c(9). Let o(g) = 0*g**3 + 4 - g**3 + 2 + 5*g**2 + 2*g**d + g. Calculate o(-5).
1
Let d(n) = -n**3 + 7*n**2 - 2. Suppose -3*z + 4 + 5 = 0. Let q(m) = -m**3 + 6*m**2 - m - 2. Let j(b) = z*q(b) - 2*d(b). Let x be 1/3*(-9)/(-1). Determine j(x).
-2
Suppose 3*b + 2*b = 15. Let h be b + (-2)/(2/(-1)). Let o(z) = 6 + 0*z - z - 4. Determine o(h).
-2
Let h = 59 + -60. Suppose 0 = -4*r - 4 + 28. Let w(c) = c**2 - 6*c - 5. Let d(s) = -2*s**2 + 7*s + 6. Let n(y) = r*w(y) + 5*d(y). Calculate n(h).
-3
Let l(f) = f**2 + f + 4. Suppose 0 = 4*i - 0*a - a + 4, -i - 4*a = -16. Suppose 3*n - 7 = -3*p + 5, 5*n - 20 = 3*p. Let z = p - i. Calculate l(z).
4
Let a(l) = -l. Let g be a(-3). Suppose j - 4*p + 12 = 0, -2*p + 3 = -j - g. Let u(y) = -3*y + 4 + 2*y + j*y. Calculate u(0).
4
Suppose -h - 2*h + 11 = -y, -7 = -3*h + 5*y. Let w(k) be the third derivative of 0*k + k**2 - 1/24*k**h + 2/3*k**3 + 0. Give w(-3).
7
Let s(j) be the third derivative of -j**7/2520 + j**6/80 - j**5/12 - 6*j**2. Let r(k) be the third derivative of s(k). Calculate r(7).
-5
Suppose -4*c + 1 = 13. Let k(b) be the first derivative of -b**2 + b + 6. What is k(c)?
7
Let q(p) be the first derivative of 5*p**2/2 + 4*p - 9. Determine q(-4).
-16
Let w(u) = 2*u**3 + 2*u**2 + 3*u + 3. Let t(s) = 2*s - 2*s**3 - 2*s**2 + 7 - 5 - 2*s**3 + 3*s**3. Let n be t(-2). Give w(n).
-11
Let j(l) = l + 5. Suppose 4*w - 53 = 5*k, 1 = 3*w + 4*k - 0*k. Determine j(w).
12
Let r(a) be the third derivative of a**6/120 + 7*a**5/60 + a**4/8 - a**3/6 + 5*a**2. What is r(-7)?
-22
Suppose 4*g = -8, -2*i + g = -3*g + 4. Let b(d) = 4*d - 10*d + 5*d - 2 + 0*d. What is b(i)?
4
Let a(b) = b**2. Let m(w) = 2*w - 19. Let q(h) = 1. Let r(f) = -m(f) - 5*q(f). Let g be r(7). What is a(g)?
0
Let w(l) = l - 2. Suppose -3*k + 7*k + 12 = 0. Let n be w(k). Let i(p) = 2*p + 4. Determine i(n).
-6
Let z(t) be the third derivative of -t**7/840 + t**6/120 + t**4/6 + 2*t**3/3 + t**2. Let w(q) be the first derivative of z(q). Calculate w(3).
4
Let o(g) = g**2 - 6*g + 5. Let h = 16 + -9. Let j = h - 3. What is o(j)?
-3
Let c(j) be the third derivative of j**4/8 - 2*j**2. Let t be c(1). Let d(u) = -u**3 + 4*u**2 - u. Determine d(t).
6
Let b(n) be the second derivative of -n**4/12 - n**3/3 + n**2 - 23*n. Let l = -17 - -25. Let s be (-1)/(2*2/l). Calculate b(s).
2
Let z(p) = -1 - 6 - 96*p + p**2 + 91*p. What is z(5)?
-7
Let c(y) be the second derivative of y**3/6 - y**2/2 - 5*y. Let o be c(4). Let d(s) = 3*s - 1. What is d(o)?
8
Suppose -4*d + 0*o + 31 = 3*o, -o + 25 = 5*d. Let c(r) = r**3 - r**2 - r + 3. Let y(n) = 1. Let v(t) = d*y(t) - c(t). Let z be (2 + -2 + 0)/(-2). Give v(z).
1
Let a(g) = 5*g - 2. Let f(c) = 2*c + 28. Let v be f(-15). Calculate a(v).
-12
Let u(m) = -3 + m**3 + 8 + 31*m**2 + 4*m - 26*m**2. Calculate u(-4).
5
Let w(m) = -m**3 - 5*m**2 + 1. Let c(u) = u**3 + 20*u**2 - 5. Let x be c(-20). Give w(x).
1
Let h(u) = u**2 + 2*u - 3. Let d be 2/4*(-10)/1. Give h(d).
12
Let f(v) = 0*v - v**2 + 8*v + 7 - 3. Let b be f(8). Suppose b = 2*k - 0*k. Let h(p) = -p**3 + 3*p**2 - 2*p + 1. Give h(k).
1
Suppose -b = -2*l + 5, -5*l - 5 + 19 = -4*b. Let w be l/(-5)*5*-2. Let x(p) = p - 3. Calculate x(w).
1
Let g(m) be the first derivative of -m**3/3 - 3*m**2/2 - 6*m - 4. What is g(-4)?
-10
Suppose l = 3*s + 16, -5*l + 4 = 2*s + 2*s. Let b(j) = j + 1. Give b(s).
-3
Let j(p) = -p**3 + 5*p**2 + 7*p + 7. Suppose h + 11 = 1. Let c = h + 16. Determine j(c).
13
Let u(y) = -2*y - 2. Suppose -52 + 12 = 8*f. Determine u(f).
8
Let g(t) = t**2 - t - 1. Suppose -4*a - 8 = 16. Let x be 1/((-15)/a - 2). Give g(x).
1
Let d(p) = -p**3 - 3*p**2 - 2*p + 1. Let h be d(-2). Let b(c) = 8*c + 0*c - 3*c + 1. Calculate b(h).
6
Let d(x) be the second derivative of -x**4/12 + 2*x**2 + 3*x. Give d(-3).
-5
Let f(z) = 6*z - 1. Let g be f(1). Let u(v) = 2*v - 2 + g - 4 - 1. What is u(4)?
6
Suppose 3*d - d - 4 = 0. Let w(j) = -5*j**d - j**2 - 2 + j**3 - 2 + 3*j + 2. Determine w(6).
16
Let v(z) = z - 4. Let s be v(4). Let c(f) = -4*f + 8. Let k(p) = p. Let i(b) = -c(b) - 3*k(b). What is i(s)?
-8
Let h(s) = -s**2 + 6*s - 7. Suppose 0 = -2*b + 5*b + 3. Let y be -1 - (b - -1) - -6. What is h(y)?
-2
Let c(n) = -2*n + 7 - 4 - 7*n**2 - 4. Give c(-1).
-6
Let z(u) = -4*u**3 - u + 1. Suppose q = 4*s - 5 + 2, -3*s + 2*q + 1 = 0. What is z(s)?
-4
Suppose -14 = -5*s + 4*f + 15, -f = 3*s - 14. Let v(t) = 3*t + 7. Let z(d) = -2*d - 6. Let m(u) = 3*v(u) + 4*z(u). What is m(s)?
2
Let h(g) = g**2 + 3*g - 1. Let x be h(-4). Let z(m) = 2*m + 3 + 102*m**x - 103*m**3 - 4*m**2 + 7*m**2. Determine z(4).
-5
Let h(p) = p**3 + 4*p**2 + p - 5. Let t be h(-3). Let c(r) = 9*r**2 + r - 1. Determine c(t).
9
Suppose b = -0*b - 4. Suppose -5 + 1 = -x. Let i(y) = -5 + 0*y - 2*y + x. Determine i(b).
7
Let b(o) = -2*o + 6. Let g(n) = 17*n**3 + n**2 - n + 1. Let u be g(1). Let t be -3 + -6 + (-3 - 1). Let a = t + u. Determine b(a).
-4
Let w(h) be the second derivative of -h**7/280 + h**6/360 + 2*h**3/3 - h. Let c(o) be the second derivative of w(o). Let j be 0 - (0 + -2) - 1. Calculate c(j).
-2
Let h(k) = -k**2 - 3*k - 2. Let f = 10 + -14. Let n be (-2)/4*f*-1. Calculate h(n).
0
Let n(a) = -5 - 2*a + 5 + 1 - 4. Calculate n(-5).
7
Suppose 1 = 3*h + 3*m - 23, 3*m = -2*h + 21. Suppose n + 0 = -h. Let k(f) = 2*f. Give k(n).
-6
Suppose -3*x + 5*x - 8 = 0. Suppose -x*c - 9 = 11. Let k(q) be the first derivative of q**4/4 + 5*q**3/3 + q**2/2 - q - 1. What is k(c)?
-6
Let r(p) = -p**2 - 4*p + 3. Let d be r(-4). Let o(w) = -d*w**3 - 2*w**2 - w + w**3 + 3*w**3 + 5*w**3. Let a = 0 - 1. Determine o(a).
-7
Let r(k) = k**3 + 5*k**2 + 7*k + 13. Let f be r(-4). Let m(s) = -s**2 + 0*s**2 - s + 4*s**3 + 1 + 0*s. What is m(f)?
3
Let i(t) be the first derivative of 8 + t + 5/2*t**2. Calculate i(1).
6
Let x(w) be the third derivative of w**7/5040 + w**6/360 + w**5/30 + 2*w**2. Let m(y) be the third derivative of x(y). Calculate m(-2).
0
Let y(m) = -m**3 - 5*m**2 - 2*m - 7. Suppose 0 = -3*w + 5*w - 4. Let x(v) = -v**w - 2*v**2 - 1 + 4*v**2 + 5*v. Let h be x(-4). Calculate y(h).
3
Let i(y) be the third derivative of y**6/60 + y**5/15 - y**4/12 - y**3/3 - 3*y**2. Give i(-3).
-14
Let w(o) = 5*o - 4*o + 0*o + 15*o**3 - 14*o**3. Let z = 8 + -7. What is w(z)?
2
Let f(s) = -3*s**3 - 3*s**2 - 13*s - 1. Let g(w) = 2*w**3 + 2*w**2 + 6*w + 1. Let c(p) = -2*f(p) - 5*g(p). Determine c(-2).
21
Let z(c) = -3*c. Suppose 2*y = -2*y + 8. Suppose -y*s + 12 = 2*a, -4*s = 4*a - 2*a - 20. Suppose -26 - s = 5*h + 5*b, 2*h + 5*b = -27. Give z(h).
3
Let s(l) be the third derivative of 7/60*l**5 - 7/24*l**4 - 1/120*l**6 + 0 + 0*l - 4*l**2 + 3/2*l**3. Give s(6).
3
Let f(h) = 2*h + 6. Let j(m) = m + 1 + 3 + 1 + 0*m. Let n(q) = 3*f(q) - 4*j(q). Give n(2).
2
Suppose j - 5 = 3*k, j = 3*k + 5*j - 20. Let a(z) = -z**3 - z**2 + 7. Determine a(k).
7
Let x(l) = -12*l - 68. Let k be x(-6). Let t(a) = a**3 + a**2 + a - 1. Let f(p) = -3*p**3 - 8*p**2 - 4*p - 1. Let v(z) = -f(z) - 4*t(z). Determine v(k).
5
Let k(j) = 2*j + 7. Suppose -49 = 5*v - 14. What is k(v)?
-7
Let o(d) = 3*d**2 + 4*d + 3. Suppose 0 = -2*i - 27 + 1. Let y = i - -8. Let l = y - -3. Calculate o(l).
7
Let h(t) be the second derivative of t**5/20 + t**4/2 - 4*t**3/3 - 3*t**2 - 13*t. Calculate h(-7).
1
Let v(r) = -r - 3 - 2*r + 6 - r. Calculate v(2).
-5
Suppose -5 = -w - p, 2*w - w - 4*p - 10 = 0. Let i(j) = -j. What is i(w)?
-6
Suppose 3*d + 5*f = 2*d - 7, 2*d = f + 8. Let h(b) = -2*b - 5. Let n be h(-4). Let t(u) = n*u + 0*u - 2*u - 6. Give t(d).
-3
Let b(m) be the third derivative of m**6/120 + m**5/12 + 5*m**4/24 + m**3/6 - 7*m**2. What is b(-4)?
-3
Let t(p) be the first derivative of p**4/12 - 2*p**3/3 + 5*p**2/2 - 2*p + 5. Let a(g) be the first derivative of t(g). Determine a(5).
10
Let p(k) = -3*k + 3. Let g(o) = 3*o - 3. Let b(a) = -2*g(a) - 3*p(a). Suppose 6*q - 3*q - 9 = 0. Give b(q).
6
Let q be 495/(-105) - 10/35. Let t(d) be the first derivative of d**3/3 + 3*d**2 - 1. Determine t(q).
-5
Let u(t) = -t**3 + 7*t**2 + 2*t - 10. Let w be u(7). Let n(x) = x**3 - 4*x**2 + x - 1. Calculate n(w).
3
Let c be 28/(-56)*2*3. Let g(a) = 10*a**3 + 6*a**2 + 4*a + 1. Let m(t) = 2*t**2 + 3*t + 3*t**3 - 2*t + 0*t**2. Let p(v) = 2*g(v) - 7*m